 9) to base 6.
200022
Convert -2584 (base 13) to base 5.
-132342
What is -2422 (base 8) in base 15?
-5b8
-1d0 (base 15) to base 11
-352
3b00 (base 14) to base 7
42200
Convert 23894 (base 11) to base 10.
34346
What is -135 (base 10) in base 3?
-12000
2089 (base 11) to base 5
42014
Convert 35c7 (base 13) to base 16.
1daf
What is -1ea (base 15) in base 8?
-675
What is -605 (base 8) in base 15?
-1ae
120504 (base 6) to base 7
42523
566 (base 9) to base 14
253
Convert 2109 (base 10) to base 7.
6102
Convert fca (base 16) to base 2.
111111001010
-320504 (base 7) to base 5
-3233342
Convert 23200 (base 4) to base 3.
1000021
Convert -12524 (base 6) to base 5.
-30144
What is -1021 (base 8) in base 13?
-319
4116 (base 7) to base 6
10350
Convert 120110100 (base 3) to base 6.
124100
What is -1446 (base 7) in base 8?
-1075
3646 (base 12) to base 14
231c
6a1 (base 13) to base 3
1120102
What is 14000 (base 12) in base 3?
1101221000
24253 (base 7) to base 5
200220
Convert -2012101 (base 4) to base 11.
-6502
Convert -11111 (base 2) to base 8.
-37
What is -1221211221 (base 3) in base 5?
-2213102
a93 (base 14) to base 13
c49
Convert -233 (base 8) to base 11.
-131
1000111101011111 (base 2) to base 6
441531
-124045 (base 6) to base 7
-44555
-47 (base 9) to base 8
-53
Convert 3331 (base 4) to base 15.
11d
Convert -1797 (base 12) to base 9.
-3817
-3d0 (base 16) to base 14
-4da
Convert 2d36 (base 14) to base 12.
4818
What is -184 (base 16) in base 14?
-1da
Convert a06 (base 13) to base 5.
23241
112220020 (base 3) to base 14
3d5a
Convert 61565 (base 7) to base 10.
15041
What is -23223 (base 4) in base 7?
-2115
What is -24094 (base 10) in base 5?
-1232334
Convert 446 (base 12) to base 8.
1166
Convert -25165 (base 10) to base 3.
-1021112001
Convert -478 (base 9) to base 13.
-245
What is -2245 (base 6) in base 15?
-258
-1011101101110000 (base 2) to base 9
-72735
Convert 909a (base 14) to base 2.
110000100000000
-12a0 (base 14) to base 7
-12360
What is 3334 (base 7) in base 11?
9a2
-48a (base 15) to base 2
-10000000110
What is -123213 (base 6) in base 7?
-44232
What is 816 (base 9) in base 5?
10123
What is c3 (base 16) in base 7?
366
-110010101 (base 2) to base 13
-252
Convert 53501 (base 6) to base 9.
11021
What is 110101110 (base 2) in base 5?
3210
-685 (base 14) to base 10
-1293
-70 (base 15) to base 8
-151
Convert 8b1 (base 15) to base 5.
30331
Convert 2231132 (base 4) to base 15.
3452
Convert 410 (base 7) to base 2.
11001011
44512 (base 6) to base 3
22112222
Convert 100100000001000 (base 2) to base 13.
8516
14a (base 11) to base 13
106
What is -1031213 (base 5) in base 7?
-102361
Convert 4886 (base 15) to base 12.
8b16
Convert 21200100 (base 3) to base 11.
422a
-546 (base 7) to base 15
-139
What is -355 (base 8) in base 12?
-179
Convert -a28 (base 14) to base 8.
-3714
Convert -10101011111 (base 2) to base 11.
-1040
101100101010110 (base 2) to base 3
1011101001
What is 313 (base 8) in base 2?
11001011
-b2a (base 15) to base 13
-11b6
20643 (base 7) to base 6
35423
-336511 (base 7) to base 9
-101184
11111000 (base 2) to base 11
206
What is b35 (base 13) in base 12?
1127
What is -1001111100110 (base 2) in base 11?
-3911
What is 11102011 (base 3) in base 15?
e47
-16b (base 12) to base 2
-11100011
14267 (base 8) to base 14
243d
What is 102652 (base 7) in base 5?
1032244
Convert 2212200 (base 3) to base 14.
a9b
What is 11 (base 10) in base 7?
14
What is 1423303 (base 5) in base 15?
8c88
4616 (base 7) to base 5
23204
3014 (base 5) to base 10
384
Convert 885 (base 10) to base 12.
619
What is 1b7 (base 16) in base 13?
27a
What is 268 (base 13) in base 4?
12220
14637 (base 9) to base 6
114141
24103 (base 5) to base 4
123302
Convert 1343 (base 6) to base 8.
537
-130524 (base 7) to base 16
-5ed1
-242 (base 16) to base 10
-578
What is 13102121 (base 4) in base 15?
8c9e
What is -3732 (base 8) in base 12?
-11b6
What is 15a7 (base 12) in base 2?
101000001111
What is -4533 (base 6) in base 16?
-429
c45 (base 15) to base 11
2094
What is -23f3 (base 16) in base 6?
-110335
What is 10003 (base 4) in base 15?
124
Convert 42605 (base 9) to base 2.
110111000100001
31301 (base 5) to base 15
936
Convert -1577 (base 13) to base 15.
-de5
What is 20231 (base 5) in base 6?
10032
What is -11111111010 (base 2) in base 9?
-2718
Convert -103b (base 12) to base 10.
-1775
Convert -4424 (base 8) to base 16.
-914
Convert 10100000110 (base 2) to base 9.
1678
What is -13312 (base 5) in base 4?
-100322
Convert -110111100011 (base 2) to base 4.
-313203
What is 18461 (base 9) in base 14?
4924
-13c3 (base 15) to base 10
-4233
Convert -464 (base 13) to base 11.
-62a
What is -169b1 (base 15) in base 9?
-121204
Convert -255 (base 13) to base 14.
-212
What is 11010011010 (base 2) in base 8?
3232
Convert -651 (base 13) to base 10.
-1080
-11230 (base 7) to base 6
-21131
What is -1237 (base 14) in base 16?
-c71
1378 (base 9) to base 15
498
What is 1138 (base 11) in base 10?
1493
-3012133 (base 4) to base 12
-7427
Convert 13341 (base 5) to base 15.
4d1
14a24 (base 11) to base 6
242053
What is 7021 (base 14) in base 8?
45445
Convert -29d (base 16) to base 8.
-1235
cca0 (base 16) to base 15
107c4
Convert 698 (base 11) to base 16.
341
-808 (base 13) to base 6
-10144
What is -4516 (base 9) in base 14?
-1304
Convert 30c5 (base 16) to base 10.
12485
Convert 320a (base 11) to base 4.
1002111
144 (base 5) to base 12
41
51d (base 16) to base 14
697
What is -224 (base 14) in base 10?
-424
Convert -21b (base 16) to base 8.
-1033
What is 71c (base 16) in base 4?
130130
3b54 (base 12) to base 10
6832
What is 3104333 (base 5) in base 2?
1100010110100001
What is -1c8 (base 16) in base 8?
-710
Convert -203054 (base 7) to base 16.
-877a
122403 (base 6) to base 12
6403
What is 394 (base 16) in base 7?
2446
Convert 1a0c (base 15) to base 12.
3319
10003 (base 4) to base 14
147
bab (base 13) to base 11
1559
Convert 1010011011 (base 2) to base 3.
220201
What is 102331 (base 4) in base 11?
a03
Convert -90a (base 14) to base 5.
-24044
aaa3 (base 14) to base 8
71547
What is -25211 (base 6) in base 8?
-7247
Convert 392 (base 12) to base 5.
4132
-13232100 (base 4) to base 7
-161136
-1338 (base 16) to base 6
-34440
Convert -2589 (base 12) to base 14.
-17bb
What is 16248 (base 10) in base 12?
94a0
22201 (base 4) to base 8
1241
Convert 1452 (base 15) to base 9.
5865
Convert -6357 (base 9) to base 6.
-33341
Convert -166c (base 16) to base 2.
-1011001101100
1172 (base 16) to base 7
16010
10211 (base 6) to base 7
4003
What is 1011001000101 (base 2) in base 11?
4313
-3b7 (base 13) to base 14
-34d
What is -214e (base 16) in base 4?
-2011032
Convert 25221 (base 7) to base 11.
4a88
Convert -306 (base 14) to base 7.
-1506
What is -5c4e (base 15) in base 4?
-10303001
-13032 (base 4) to base 9
-563
-1034211 (base 5) to base 4
-10122020
What is 3921 (base 15) in base 12?
7071
Convert 1c9b (base 14) to base 12.
3041
Convert 3131113 (base 4) to base 2.
11011101010111
What is 3bb (base 16) in base 9?
1271
132130 (base 5) to base 9
7227
10001100110000001 (base 2) to base 16
11981
534 (base 6) to base 10
202
What is 18167 (base 10) in base 15?
55b2
Convert 3796 (base 11) to base 2.
1001101010001
132ca (base 14) to base 2
1011100001110010
Convert 1505 (base 16) to base 8.
12405
What is 7935 (base 14) in base 11?
14879
What is -b05 (base 14) in base 8?
-4161
What is -43152 (base 8) in base 7?
-103361
-43432 (base 5) to base 13
-1492
Convert -1002221 (base 3) to base 5.
-11213
Convert a731 (base 14) to base 10.
28855
What is 1112021002 (base 3) in base 15?
8da5
What is 36 (base 12) in base 13?
33
Convert 31 (base 10) to base 14.
23
314 (base 11) to base 2
101111010
Convert -2d6 (base 16) to base 8.
-1326
What is 5474 (base 15) in base 14?
6736
Convert 305 (base 10) to base 12.
215
1101111001111 (base 2) to base 14
2847
Convert -bd6 (base 14) to base 10.
-2344
Convert 85 (base 12) to base 4.
1211
What is -212 (base 9) in base 13?
-104
-19870 (base 13) to base 2
-1100001001110001
-1022220 (base 3) to base 13
-597
Convert 21024 (base 9) to base 10.
13873
Convert b7 (base 16) to base 5.
1213
What is -610 (base 9) in base 10?
-495
Convert 663 (base 8) to base 3.
121010
Convert -1100011001011 (base 2) to base 5.
-200342
Convert 211201 (base 3) to base 4.
21211
-12152 (ba